f u.
2, 3, 5
Let k = -24 + 67. List the prime factors of k.
43
List the prime factors of -15*(0 - 1) - 0.
3, 5
Let j = -26 - -12. Let k = 17 + j. What are the prime factors of k?
3
Let u(l) = 6*l**2 - 5*l**3 + 2*l**3 - 3*l + 1 + 2*l**3 + 0*l**3. Suppose -2*n - 5*c = -1, 5*c + 0 - 4 = -3*n. What are the prime factors of u(n)?
19
Let c be 20/8*12/(-10). Let x = -8 - c. List the prime factors of x/(30/(-4))*15.
2, 5
Suppose -2 = -3*u + u. Let m(h) = 2*h - 2. Let k be m(0). What are the prime factors of -2 + 4 - k/u?
2
Let d(o) = -29*o**3 + o - 1. Let u be d(1). Let a = 36 + u. What are the prime factors of a?
7
Suppose 2*z - 6 = z. What are the prime factors of z?
2, 3
Suppose 307 - 51 = 4*l + 3*h, h + 71 = l. List the prime factors of l.
67
Let k(n) = -25*n - 4. What are the prime factors of k(-2)?
2, 23
Suppose 2*k + 86 = o, k - 2*k = -3*o + 268. List the prime factors of o.
2, 3, 5
Suppose -3*j = 2*l + 21, -5*l + 2*l + 2*j = 38. Let a be (45/12)/(1/l). What are the prime factors of (-4)/(-6)*a/(-10)?
3
Suppose 2 - 14 = 3*n. Let d = -3 - n. What are the prime factors of 2/d*(0 + 2)?
2
List the prime factors of ((-2)/8)/((-5)/460).
23
Let j = -54 - -75. Suppose 0 = -5*w - v + 12 - 4, -w + 3*v = -8. Suppose -j = -p - w*p. What are the prime factors of p?
7
Suppose -5*j + 2*a = 37, 32 = -4*j - 4*a + 8. Let r(m) = -2*m - 5. Let i be r(j). Suppose 6*g - i = 3*g. List the prime factors of g.
3
What are the prime factors of (1288/12)/((-8)/(-12))?
7, 23
Suppose -2*p = -4*u + 110, 2*p - 25 = -0*u - u. What are the prime factors of u?
3
List the prime factors of (72/30)/((-9)/(-210)).
2, 7
Suppose 2*j - 15 = -3*j. Let v(k) = 6*k - 3. List the prime factors of v(j).
3, 5
Let l(t) = -13*t - 10. Let w(a) = 4*a + 3. Let h(d) = 2*l(d) + 7*w(d). Let p(z) = 3*z**2 - z. Let i be p(1). List the prime factors of h(i).
5
Let l(v) = 16*v + 5. Let y(t) = -3*t - 1. Let f(r) = 2*l(r) + 11*y(r). Let x(g) = g**3 + 7*g**2 - 7*g - 2. Let p be x(-8). What are the prime factors of f(p)?
3
Let k = -1 + -5. Let s be 4/k + (-10)/(-15). Suppose 6*a - 2*a - 36 = s. What are the prime factors of a?
3
Let h(l) = -l + 80. Let u be h(0). Suppose k = -4*k + u. List the prime factors of k.
2
Let z be (-2 - 12)/(1 - -1). List the prime factors of 12/z*(-19 - 2).
2, 3
Suppose -2*l + 6*l = 20. Suppose 5*j = -5*m + 15, 5*m - 4*m = 1. Suppose -40 = -4*o + l*i, -j*o + 4*o - i = 14. List the prime factors of o.
5
Suppose -a + 3 = 0, 2*y - 2*a + 12 = 5*y. Let g(i) = i**2 + 8*i - 3*i + 0*i**y. List the prime factors of g(-6).
2, 3
Let w = 4 + -3. Suppose 5*y + w - 31 = 0. What are the prime factors of y?
2, 3
Let x(r) = 3*r + 7. List the prime factors of x(8).
31
Suppose 3*n = 52 - 16. Let d = 10 - 6. List the prime factors of n*(0 + 2/d).
2, 3
Suppose -4*p + x = 3, -5*x + 8 + 7 = -2*p. Suppose 2*g - 4 - 2 = p. List the prime factors of (g/2)/((-15)/(-50)).
5
Suppose b - 16 = -4*h, -4*h + 24 + 0 = 3*b. Suppose h*p - p = 12. List the prime factors of 4/8 + p/4.
2
Let u be (-16)/(-12) - (-2)/3. Suppose -3*q + 1 = -u*q. List the prime factors of -2 + (12 - (-1)/q).
11
Suppose 5*v + 4 = 3*a, 0 = -3*a - 5*v + 13 + 1. Suppose 0 = -3*t + 4*q + 103, a*t + 4*q - 121 = -q. List the prime factors of t.
37
Let h = 2 + 2. Suppose -h*m = -2*m - 4. Let t = m - -1. List the prime factors of t.
3
Suppose -3*k - 2 = -4*k. Suppose k*l = 4*l - 6. Suppose c = -4*t + 11, 0*t + l*c - 13 = -2*t. List the prime factors of t.
2
Let x = 151 - 47. Suppose 0 = 5*d + 2*g - 4*g - 175, -g - x = -3*d. What are the prime factors of d?
3, 11
Suppose 0 = 4*u - 13 - 7. Suppose -5*a + 5*k + 37 = 3*k, 0 = 3*a - u*k - 7. List the prime factors of a.
3
Suppose -4*s = -s - 4*t + 4, -1 = 4*s - t. Suppose -2*c - 92 = -4*i, s*c - 4*c = 5*i - 115. What are the prime factors of i?
23
Suppose 0 = -2*v + 5*v - 42. Suppose g - 10 = p - 0*p, 2*p = g - v. What are the prime factors of g?
2, 3
Let c be (-1)/5 + 132/(-15). Let g = c + 48. List the prime factors of g.
3, 13
Let k = -7 + 4. What are the prime factors of (11/k)/(5/(-15))?
11
Let r be ((-1 - 0) + -2)/(-1). Suppose k = -4 + r. What are the prime factors of k/3 - (-48)/9?
5
Let n = -10 - -15. Suppose 0 = -2*g + 2*d - n*d + 15, -4*d - 20 = 0. What are the prime factors of g?
3, 5
Let j = 21 - 11. Let w = j + -10. Suppose 0 = 3*z - 8*z - s + 82, -5*z + 5*s + 70 = w. What are the prime factors of z?
2
Let d(h) = -4*h - 11. What are the prime factors of d(-5)?
3
Let m be 3/(0 - -3) + -61. Let w = m - -86. Let z = -18 + w. What are the prime factors of z?
2
Suppose -8*u + 4*u = -16. Suppose t - h = 2*t - 22, u*h = -2*t + 36. What are the prime factors of t?
2, 13
Let h = 113 + -27. What are the prime factors of h?
2, 43
Let o be (-4 + 12)/(2/(-3)). Let g be ((-1)/((-3)/o))/(-1). Suppose -4*i + 40 = g*z, -3*z - 10 = -6*z + i. List the prime factors of z.
5
Let p(x) = -x**3 + 3*x**2 + 3*x + 4. Let l be p(4). Suppose j = -l*j + 16. List the prime factors of j.
2
Let l = -13 - -10. List the prime factors of (-2)/l + (-80)/(-24).
2
Suppose -3*c = -109 + 7. What are the prime factors of c?
2, 17
List the prime factors of (-7)/(3/(-3))*1.
7
Suppose 5*n = u - 470, -94 = 2*n - n + 2*u. Let j be (-4)/(-6) + n/(-3). Suppose -j + 2 = -5*i. What are the prime factors of i?
2, 3
Suppose 612 = 7*r - r. What are the prime factors of r?
2, 3, 17
Let i(n) = n**3 + 4*n**2 + 5*n. Let t(s) = 2*s**3 + 7*s**2 + 10*s + 1. Let k(a) = -5*i(a) + 2*t(a). List the prime factors of k(-5).
2
List the prime factors of 8*32*(-2)/(-4).
2
Let h = -6 + 7. Let y = 1 + h. Suppose -q + y*a = -2*q + 13, -4*q = -3*a - 8. List the prime factors of q.
5
Suppose 3*q - 4*q + 44 = 0. Suppose -c - 3*c = -q. What are the prime factors of c?
11
Let p(c) = -4*c + 3. List the prime factors of p(-2).
11
Let f(t) be the second derivative of -t**5/20 - 7*t**4/12 - t**3/3 - 9*t**2/2 - 2*t. Let r be f(-7). Suppose 0 = -5*i + 5 + r. List the prime factors of i.
2
Let b = 44 - -57. What are the prime factors of b?
101
Let v(y) = -5*y. Let s be v(-2). Let w = -5 + s. Suppose 2*h - 3 - w = 0. What are the prime factors of h?
2
Let b(p) be the first derivative of -p**2/2 - 4. Let c be b(-3). Suppose -4*s - 3*a = c - 33, 4*a - 38 = -5*s. List the prime factors of s.
2, 3
Let r = 36 - 31. What are the prime factors of r?
5
Let k(w) = w**3 + 6*w**2 + 4*w - 2. Let i be k(-4). What are the prime factors of (-9)/(-21) - (-78)/i?
2, 3
Let t(w) = 2*w - 10. Let s be t(7). Let g(r) = -r**3 + 4*r**2 + 4*r - 2. What are the prime factors of g(s)?
2, 7
Let z(n) = n**3 + 9*n**2 + 7*n - 5. Let l(p) = -2*p - 6. Let t be l(6). Let r = 10 + t. What are the prime factors of z(r)?
3
Let r be 3 - (0 + 1 - 2). Let b(h) = h + 1 - 4 - r*h**2 + 3*h**3 + 3*h. What are the prime factors of b(2)?
13
Let g = 41 - 17. List the prime factors of g.
2, 3
Let f(p) = -p**3 - 2*p**2 - 3. Let s(g) = g**3 + 2*g**2 + 2. Let x(u) = 4*f(u) + 5*s(u). What are the prime factors of x(2)?
2, 7
Let a = 1 - -5. Suppose 2*h - a = -0*h. List the prime factors of h.
3
Let f = -5 - -2. Let x = 8 + f. List the prime factors of x.
5
Let i(f) = 17*f - 7. What are the prime factors of i(23)?
2, 3
Suppose -25 = 3*y + 2*u, -3*u = 18 - 3. Let g(r) = -r**3 - 5*r**2 - 4*r - 6. List the prime factors of g(y).
2, 7
What are the prime factors of (-3)/7 + (458/7 - 0)?
5, 13
Suppose 0 = -4*u - 2 + 10. Suppose u*m - 1 = -k - 2, 3*k = -4*m - 5. List the prime factors of k*1 - (2 - 23).
2, 3
Suppose -o - 30 = -9. Let b = 38 + o. List the prime factors of b.
17
Suppose -2*p + 0*p = 0. Let u(m) = -m**3 + m**2 - m + 2. Let l be u(p). Suppose 5*z = 3*x + 66, -l*z + 3*x + 30 + 0 = 0. List the prime factors of z.
2, 3
Let c(g) = -g**2 + 2*g + 266. List the prime factors of c(0).
2, 7, 19
Suppose -27 + 9 = -3*l. Let g(a) = 10*a**2 - a + 1. Let c be g(1). Suppose d + c = l*d. List the prime factors of d.
2
Suppose 55 = 4*w - 9*w. Let p = w - -15. What are the prime factors of p?
2
Suppose n + 0*n - q = 20, 5*q + 5 = 0. List the prime factors of n.
19
Suppose -n = 2*z - 6, 2 + 2 = 2*n. Suppose -j - 3 = -z*j. Suppose j*b - 54 = -0*w - 4*w, -34 = -2*b - 2*w. What are the prime factors of b?
2, 7
Let o be -1 + -12 - (-2 - 0). Let s(x) = -3*x - 8. Let q be s(-9). Let f = q + o. List the prime factors of f.
2
Let s be 1/(-1) 